 -101313230?
101313220
In base 2, what is -11 + 100000001110000?
100000001101101
In base 10, what is -367 - -706?
339
In base 13, what is 6356 + 5?
635b
In base 6, what is 10031 + -25352?
-15321
In base 10, what is 27 - 85587?
-85560
In base 4, what is -100122002 - 1?
-100122003
In base 4, what is 1200 - -1310?
3110
In base 10, what is -2 + -17915?
-17917
In base 10, what is -143 + -332?
-475
In base 16, what is -6 + 5e8?
5e2
In base 4, what is 310 + -10202230?
-10201320
In base 7, what is -1 - -4525?
4524
In base 3, what is 1001010 - -1221021?
2222101
In base 2, what is -101 + -111011000011?
-111011001000
In base 2, what is -100 - -1010101100100101?
1010101100100001
In base 5, what is 10140 + -30302?
-20112
In base 9, what is 1222 + -3?
1218
In base 9, what is -525700 + -2?
-525702
In base 2, what is -1101110 + 10100001000000?
10011111010010
In base 5, what is 30004 + -12?
24442
In base 11, what is 23 - -5099?
5111
In base 8, what is -1 - 30633?
-30634
In base 15, what is -a - dd01?
-dd0b
In base 8, what is -17 + 210071?
210052
In base 3, what is -201202200012 - -111?
-201202122201
In base 5, what is -3 - -10404022?
10404014
In base 15, what is 837 + 1?
838
In base 10, what is -27 + -39?
-66
In base 7, what is 4 - 6345244?
-6345240
In base 5, what is -1 + -131112434?
-131112440
In base 10, what is -26 + -274?
-300
In base 5, what is -1343 + -12001?
-13344
In base 5, what is 11 + -20424?
-20413
In base 5, what is 1434004 + -12?
1433442
In base 8, what is 46 - -1125?
1173
In base 2, what is -1010101111 - -1000100?
-1001101011
In base 7, what is -3 + 141246?
141243
In base 9, what is 26 + -324056?
-324030
In base 5, what is -34 + -130343?
-130432
In base 5, what is 204131001 - -1?
204131002
In base 7, what is -31052605 - -2?
-31052603
In base 11, what is -16629 - 4?
-16632
In base 11, what is 4 + 3949?
3952
In base 8, what is -15445 + 14?
-15431
In base 4, what is -2230 + -30333?
-33223
In base 2, what is 0 - 1000010011111001?
-1000010011111001
In base 9, what is 1 + -7812?
-7811
In base 16, what is -3 - -1e5e?
1e5b
In base 6, what is 1525124 - 2?
1525122
In base 13, what is -17 - 33a?
-354
In base 4, what is 0 - -31221320?
31221320
In base 12, what is -163bb + 5?
-163b6
In base 8, what is -412 - -647?
235
In base 4, what is 32330021 - -11?
32330032
In base 10, what is 1 - 413?
-412
In base 7, what is 1003 - 6103?
-5100
In base 8, what is -33735 + -15?
-33752
In base 8, what is -2235 - -151?
-2064
In base 12, what is 29 - b02?
-a95
In base 7, what is 56 - 14461?
-14402
In base 5, what is 1140343 + 114?
1141012
In base 6, what is -10252 - -32?
-10220
In base 3, what is 10200211002 - 12?
10200210220
In base 6, what is -5 - 22115?
-22124
In base 9, what is 25 + -2428?
-2403
In base 5, what is -3 + -331011?
-331014
In base 8, what is 20 + -1425?
-1405
In base 6, what is -2213 - -2052?
-121
In base 3, what is 12 - 1121120201022?
-1121120201010
In base 4, what is -12332232 - -112?
-12332120
In base 7, what is -25344 + 1131?
-24213
In base 10, what is -1 + 193422?
193421
In base 16, what is -1e038 + -4?
-1e03c
In base 3, what is 0 - 1111210112?
-1111210112
In base 9, what is -20 + 3111?
3081
In base 9, what is 3 - 652183?
-652180
In base 6, what is 124233 - -12?
124245
In base 8, what is -1242 + -2163?
-3425
In base 16, what is 6e - -442c?
449a
In base 11, what is 10a1 - -545?
1636
In base 2, what is -1101110 - -11100101?
1110111
In base 15, what is 2a1 + 9e?
350
In base 10, what is 783 + -11?
772
In base 16, what is 5 + -1a6f8?
-1a6f3
In base 3, what is 111001022 - 120?
111000202
In base 16, what is -10 + -e076?
-e086
In base 12, what is -461 - 9?
-46a
In base 14, what is -434a09 + -1?
-434a0a
In base 12, what is 0 - -30947?
30947
In base 4, what is -120111132 - -10?
-120111122
In base 2, what is -11 + -1100011110000010010?
-1100011110000010101
In base 4, what is 1130311323 + -10?
1130311313
In base 4, what is 103131201 + 222?
103132023
In base 8, what is -13 + -77225?
-77240
In base 8, what is -27527 - -5?
-27522
In base 7, what is 12 + -262014?
-262002
In base 16, what is 0 - cfcb?
-cfcb
In base 13, what is -106 + -5b1?
-6b7
In base 12, what is -180a - -99?
-1731
In base 5, what is 244 - -10043?
10342
In base 15, what is -471 - -c?
-464
In base 6, what is -1 + -122311?
-122312
In base 3, what is -1 + -10222010020?
-10222010021
In base 5, what is -341313023 + -4?
-341313032
In base 3, what is -101201222000 + 120?
-101201221110
In base 4, what is 131312 - -3101?
201013
In base 4, what is 3 + -2222310?
-2222301
In base 15, what is 440 - -14?
454
In base 10, what is 598 - 15?
583
In base 4, what is 1 + 20011221?
20011222
In base 14, what is -a3 - -3a?
-67
In base 2, what is 11101111 - 11101?
11010010
In base 8, what is -6 + 17430?
17422
In base 10, what is 4394 + 4?
4398
In base 9, what is -8 + -366147?
-366156
In base 9, what is 53 - 3287?
-3234
In base 6, what is -1 + -24555?
-25000
In base 12, what is -2 - 22872?
-22874
In base 4, what is 2 + -100311222?
-100311220
In base 6, what is 2 - -53532?
53534
In base 6, what is 0 + 102214310?
102214310
In base 13, what is -5 + 8ba?
8b5
In base 11, what is -4 - 53607?
-53610
In base 11, what is -5 - 4a75?
-4a7a
In base 7, what is -20155 - 2?
-20160
In base 9, what is -1236750 - 5?
-1236755
In base 5, what is 23 - 402240?
-402212
In base 7, what is 2600204 + -3?
2600201
In base 4, what is -12022 + -3233?
-21321
In base 10, what is 10 - 6227?
-6217
In base 14, what is 2888c - -5?
28893
In base 12, what is -61b - -b38?
519
In base 12, what is 2 + 1b5144?
1b5146
In base 10, what is 161312 + 5?
161317
In base 4, what is 131 + -120310?
-120113
In base 5, what is 1231 - 1432?
-201
In base 11, what is -873 - -61?
-812
In base 5, what is 1 + 432101?
432102
In base 6, what is 5 - -15351024?
15351033
In base 6, what is -13225 - -4555?
-4230
In base 14, what is 3a - -6694?
66d0
In base 3, what is 2220200101 + 120?
2220200221
In base 15, what is 4 - 18cc8?
-18cc4
In base 15, what is 5 - -11185b?
111861
In base 8, what is 3 + 612267?
612272
In base 15, what is -30 + 51d7?
51a7
In base 6, what is -33 - 22301?
-22334
In base 15, what is -4 + -84e6?
-84ea
In base 4, what is 303 + -21112?
-20203
In base 16, what is -3 + 2dec?
2de9
In base 5, what is -21 - 3404001?
-3404022
In base 13, what is 3 + 706a?
7070
In base 5, what is -2 - -10031222?
10031220
In base 13, what is 2 + 19c5b?
19c60
In base 4, what is 11 + -13211312?
-13211301
In base 12, what is -3678 - 1?
-3679
In base 10, what is 2 + 3918?
3920
In base 5, what is 3133222 + 2?
3133224
In base 2, what is 100 - 11010011110001100?
-11010011110001000
In base 16, what is c9d20f - 5?
c9d20a
In base 11, what is 8801 + 8a?
8890
In base 10, what is 68 + 987?
1055
In base 9, what is 6 + 2562?
2568
In base 11, what is 5 + -3a8a?
-3a85
In base 12, what is 0 + 64b67?
64b67
In base 2, what is 1001101110 + 11001011110?
100011001100
In base 16, what is -3ec - a7?
-493
In base 16, what is -4 - -7a9f?
7a9b
In base 9, what is 2174 + 2?
2176
In base 15, what is 6c - 1c9e?
-1c32
In base 8, what is 3470 + 1164?
4654
In base 9, what is 23153 + 10?
23163
In base 2, what is 1011010111 + 1001011001?
10100110000
In base 3, what is 120220010001 - -11?
120220010012
In base 7, what is 1205 + -113?
1062
In base 14, what is 5 + -3d4b6?
-3d4b1
In base 14, what is 19 - -5202?
521b
In base 14, what is 622 + -23?
5dd
In base 4, what is -133 - -12100?
11301
In base 12, what is -b + 59415?
59406
In base 10, what is -2306 + -511?
-2817
In base 11, what is 3946a - -4?
39473
In base 2, what is -1 + -10111110001100101?
-10111110001100110
In base 10, what is -5 + -14727?
-14732
In base 5, what is -304 + -244312?
-300121
In base 13, what is -1 - 8986?
-8987
In base 5, what is 2 - 1044020?
-1044013
In base 12, what is 1081 + -21?
1060
In base 6, what is 31 - -5333?
5404
In base 11, what is -19135 + 25?
-19110
In base 14, what is -1630b - 2?
-1630d
In base 16, what is -3 - -536a?
5367
In base 14, what is -4 - -1ca09?
1ca05
In base 16, what is -3 + 1d6?
1d3
In base 16, what is -3 - e2a4?
-e2a7
In base 9, what is 287 + -455?
-157
In base 13, what is -1035c + -6?
-10365
In base 3, what is 10 - 2111202001?
-2111201221
In base 9, what is -27228 + 12?
-27216
In base 13, what is 77 - 81b4?
-813a
In base 16, what is -2